*v + 14*v - n = 0. Is v composite?
True
Let x = 735 - -14. Let o = 140 + -139. Is o + (3 - x*-1) composite?
True
Let t(h) = -h**3 + 12*h**2 - 8*h - 14. Let q be t(9). Suppose 0 = -11*o + 10*o + q. Is o prime?
True
Suppose -5*o = 4*p - o - 876, 900 = 4*p - 2*o. Is (p*1)/(1 + -4 - -4) prime?
True
Suppose -3*c - o = 4243 - 35144, 0 = -c - 3*o + 10295. Is c prime?
True
Is -4 - (-803 - 1) - 3 prime?
True
Suppose -1771 = -2*x + 327. Suppose -4*o - x = -u + 1245, -3*o - 1732 = 5*u. Let i = 1089 + o. Is i prime?
False
Suppose 2*a = 3*a + 108. Let f be a/(-11) + 10/55. Let h(o) = 26*o + 3. Is h(f) prime?
True
Suppose 6 = 2*s - 2. Let b be (27/18)/((-2)/s). Is (1268/8)/(b/(-6)) composite?
False
Suppose 0 = 2*z + 6, -5*t - z = -24958 - 844. Is t a prime number?
False
Let q = -86 + 50. Let w be 2/(-8) + (-549)/q. Suppose 3*v + 4*p - 480 = -v, -w = -3*p. Is v a composite number?
True
Let z be (2 - 1) + (-2 - -2 - -1468). Suppose -z = -8*k + 1563. Is k a prime number?
True
Suppose 3494 = 2*a - 2832. Is a a composite number?
False
Let j = 407 - 244. Let m = -58 + j. Suppose -372 = -2*v - 4*q, v + 5*q - m = 69. Is v composite?
True
Suppose 23*d - 10*d - 8437 = 0. Is d a prime number?
False
Let r = -12 - -15. Suppose r*d = -4*n + 87, d - 2*n - 16 = 13. Suppose m = 2*t + d, -2*t + 34 = m - 5*t. Is m composite?
False
Suppose -3*r + 0*r + 9 = 0. Suppose -r*w - 236 = -w. Let k = -75 - w. Is k prime?
True
Let o = -13344 - -22373. Is o a composite number?
False
Let d(c) = c**3 - 10*c**2 - 9*c - 26. Let g be d(11). Let w(u) = 2*u**3 - 2*u**2 + 2*u - 1. Let a be w(1). Is g/(2/a) - -417 a prime number?
False
Suppose 2*s + 3*n = 16183, -37*s - 5*n + 32367 = -33*s. Is s a prime number?
True
Suppose -1210483 - 1253474 = -9*f. Is f prime?
True
Is (158408/(-12))/((-56)/84) prime?
True
Suppose 88759 = 4*j - 3*n, 33*j + 5*n = 34*j - 22194. Is j composite?
False
Suppose -3*w + 5*w = -4, 0 = x - 2*w - 2524. Suppose -4*d + x = j + j, -633 = -d + j. Is d composite?
False
Let y = 29126 + -17529. Is y prime?
True
Suppose 54 + 18 = 3*i. Let o = i - 14. Suppose o*s = 11*s - 89. Is s prime?
True
Let r(h) = -3*h - 7. Let w be r(-3). Suppose w*x - 12 = -x. Suppose 5*v = -x*f + 277, v - 1 - 67 = -5*f. Is v composite?
False
Suppose 0 = p + 2*p + 234. Let m = -23 - p. Is m a composite number?
True
Is -5 - 7/((-56)/73936) a composite number?
True
Let c(q) = -25 - 24 - 5603*q + 5685*q. Is c(9) a composite number?
True
Suppose -10 = 2*h + 4*x + 36, 0 = 4*h + 3*x + 112. Let a = h + 46. Is a prime?
False
Let a(v) = 106*v**2 - 3*v + 4. Is a(-3) composite?
False
Let k be 92/(-6) + 2/6. Let v(b) = b**3 + 14*b**2 + 22*b + 5. Let u be v(k). Let q = -79 - u. Is q a composite number?
True
Suppose 0 = 5*o + 13 - 8, 4*o = 2*s - 62030. Is s composite?
False
Suppose 4*b = 7046 - 466. Suppose 9*l = 4*l + b. Is l prime?
False
Suppose -4*r = -12181 - 383. Let w = r + -1780. Is w a composite number?
False
Let n = 6 + -2. Suppose 1011 = -o + n*o. Is o prime?
True
Suppose -5*q + 50*s + 87553 = 54*s, 2*q - s - 35016 = 0. Is q prime?
True
Let m = -31 - -33. Suppose 5*r - r = 4*o + 84, -4*r + 82 = -3*o. Suppose 7 = -m*t + r. Is t composite?
True
Suppose -3*t = z - 3*z + 8, 4*z = 3*t - 2. Let p(a) = -2*a**3 - 4*a**2 - 8*a + 5. Is p(t) a prime number?
False
Let r = -6170 + 12793. Is r prime?
False
Let o be 1/(2049/684 + -3). Let m = o - -341. Suppose -3*n - m = -596. Is n a prime number?
False
Suppose -5*o - 72 = -2*i, 3*i + 3*o - 144 = -i. Let k be ((-100)/(-4)*1)/1. Let a = i - k. Is a a prime number?
True
Let s be (1*2430)/1 + -4 + 5. Suppose 0 = -11*v - 2*v + s. Is v composite?
True
Let d be ((-1608)/(-10))/((-3)/15). Let y be (d/9)/((-4)/18). Suppose -5*c = c - y. Is c a composite number?
False
Let o = -333 - 130. Is (o/6)/(1/(-6)) a composite number?
False
Let a be (-40)/6*3/(-2). Suppose a = -0*k - k. Is (-5)/(40/1004)*k a composite number?
True
Let i(a) = a - 4. Let u be i(2). Let p(k) be the third derivative of -7*k**4/2 - 5*k**3/6 + 8*k**2. Is p(u) prime?
True
Let h(p) = -4*p + 11. Let k be h(4). Let q(z) = -z**3 - 2*z**2 + z - 11. Is q(k) prime?
True
Let y(n) = 9*n**2 - n + 4. Let s(g) = g**2 + 7*g + 3. Let f be s(-7). Suppose 4*d - f = c + 2*c, -5*c = -4*d - 3. Is y(d) composite?
True
Let x(a) = -1333*a + 58. Is x(-7) composite?
True
Let q be ((-10)/4)/5*-958. Suppose 6 = 2*m + c, -5*m + 3*c + 16 + 21 = 0. Suppose w = -3*y - 0*w + q, m*y - 2*w = 813. Is y composite?
True
Let s(b) = 5 + b**2 - 3 - 9*b - 4 + 11. Let y be ((-4)/5)/((-4)/70). Is s(y) prime?
True
Let b(k) = -100*k. Let z be b(-1). Let s = -251 + 409. Let l = s - z. Is l composite?
True
Let x(d) = -183*d + 4. Let g be x(-1). Suppose -83 = -r - 2*p, 6*p + g = 2*r + 3*p. Is r composite?
False
Let u(f) = -7*f**3 + 2*f**2 + 3*f + 1. Suppose 103 = -5*d + 8. Let z = -23 - d. Is u(z) a composite number?
True
Suppose 4*h = 7818 - 1626. Let y = -727 + h. Is y a composite number?
False
Suppose 0 = -d - 2874 - 169. Let z = -1566 - d. Is z a composite number?
True
Suppose 2107 = -3*p + 4*u + 14286, -2*p + 3*u = -8120. Is p prime?
True
Let o(y) = -y + 2. Let z be o(3). Let v be z + (-4 - -3) - -4. Suppose -5*r = -v*r - 921. Is r a prime number?
True
Let n(a) = -a**3 + a**2 + 133. Let g = 79 + -79. Is n(g) a prime number?
False
Suppose -x = -z - 3, 0 = -x - 2*x - 3*z + 9. Suppose 5099 = x*u - 6*m + m, -2*u + 3374 = 3*m. Is u a composite number?
False
Let v(f) = 4*f - 4. Let j be v(4). Let a be (-27)/(-2) - (-6)/j. Is ((-3)/(-3))/(1/a) a composite number?
True
Suppose -5*a - 15 = -2*k, -2*k + 4*a + 27 - 9 = 0. Is k prime?
False
Let y = -3 - 2. Let k = -3 - y. Suppose 4*w = 3*x + 1211, 3*x = w - k*x - 324. Is w composite?
True
Suppose -5*j + 204335 = -4*r, 159740 = 3*j + 3*r + 37112. Is j composite?
True
Let u = 78 + 391. Is u a composite number?
True
Let b(w) = -w**2 - w + 1. Let l be b(-4). Let x(m) = -111*m + 34. Is x(l) composite?
True
Suppose -3135 = -4*r - k + 4*k, 4*r + 2*k = 3130. Suppose 5*j - r = -148. Is j a prime number?
True
Let m(n) = 2*n**3 + 2*n**2 + 15*n + 13. Is m(8) a composite number?
True
Let x(n) = 3*n**2 - 1 - 4*n**2 - n + 2*n + 3*n. Let j be x(3). Suppose -6*f + 157 = -f + j*q, -4*f = -2*q - 140. Is f composite?
True
Let p(l) be the first derivative of 0*l + 42*l**3 + 7 - 1/2*l**2. Is p(-1) a prime number?
True
Let f(h) = -247*h - 13. Is f(-2) prime?
False
Suppose -t + 2*t - 3*z = -226, -3*t - 654 = -3*z. Let p = t + 300. Is p composite?
True
Let c be -31*(1 - 22) - -1. Suppose 173 = -3*r - c. Let x = r - -388. Is x a composite number?
False
Let i = -4492 + 9243. Is i prime?
True
Let y(x) = x**3 + 7*x**2 + 4*x - 5. Let g(n) = -6*n**2 + n - 1. Let b be g(1). Is y(b) a prime number?
True
Suppose -24*r = -47*r + 8234. Is r a composite number?
True
Let k = -26 - -17. Let a = 61 + k. Suppose 3*d + a = 247. Is d composite?
True
Let f = 49529 + -15498. Is f a prime number?
True
Let j(v) = 47*v**2 - 5*v - 11. Is j(6) prime?
False
Let t(w) = -36*w**3 - 10*w**2 - 8*w + 4. Let x be t(-6). Suppose 6*q - 2*q - x = 0. Is q a composite number?
False
Is (-21)/98*-14*(-5722)/(-6) a composite number?
False
Suppose 12*m = 11*m + 2, -2*c = 3*m - 78800. Is c a composite number?
False
Let b(i) = 82*i**2 + 60*i + 3. Is b(16) a prime number?
False
Let h = -7125 - -19802. Is h a prime number?
False
Let w(t) = -112*t + 1. Let i = -4 - 0. Let k = -5 - i. Is w(k) prime?
True
Let w(c) = 37*c - 1. Let q be w(3). Let t = 171 + -70. Let d = q + t. Is d a composite number?
False
Suppose -15*t + 11*t + 101572 = 0. Is t prime?
False
Is ((-13165)/(-40))/(-4*4/(-128)) composite?
False
Suppose 0 = a + 2 + 19. Let g = 24 + a. Let z(b) = 51*b + 4. Is z(g) prime?
True
Let q = -117 + 45. Let y be (-1424)/q - 4/(-18). Suppose y = v - 75. Is v composite?
True
Let p = 392 - 175. Is p a prime number?
False
Let z = -20862 + 36053. Suppose 3497 - z = -6*t. Is t composite?
False
Suppose 4*i = -4*g + 12, 2*i + 2 = -g + 3*g. Suppose 0 = g*w - x - 3072, 9*w - x = 4*w + 7677. Is w a composite number?
True
Let s be 18*(2 + (-675)/10). Let k = -35 - s. Let c = k - 651. Is c composite?
True
Let n(x) = x**3 - 7*x**2 + 2*x - 12. Let p be n(7). Suppose -2*l = p*s - 708, 2*s - 6*s = 2*l - 706. Is l a composite number?
True
Let x(l) = 50*l - 25*l + 84*l. Let j be x(-4). Let i = -119 - j. Is